g, 16 = 4*g. Let b = j + -54. What is the tens digit of b?
3
Suppose 0 = 7*t + 5*i - 8215, t - 3*i = 1130 + 25. What is the hundreds digit of t?
1
Let o be 1*(-2 + -31)*(-5 - -1). Let b = o + 23. What is the hundreds digit of b?
1
Let g = 0 + 0. Suppose -5 = 5*k, -44*s - 3*k + 2 = -43*s. Suppose -s*i + 33 + 17 = g. What is the units digit of i?
0
Let u(y) = -7*y**2 + y - 2. Let s(x) = x**2. Let q(h) = -4*s(h) - u(h). What is the tens digit of q(-4)?
5
What is the tens digit of (-22 + 24)/(45/(-24) - -2)?
1
Suppose -44*v + 36837 + 431 = 0. What is the units digit of v?
7
Let s = -7 - -7. Let y = 7 - s. What is the units digit of 1/((2/y)/2)?
7
Let s(g) = g**2 + 4*g + 3. What is the tens digit of s(11)?
6
Suppose 0 = 23*h + 13*h - 16380. What is the hundreds digit of h?
4
Suppose -39*v - 28543 = -56*v. What is the units digit of v?
9
Let j(z) = -z - 5. Let t be j(-9). Suppose -t + 19 = 5*p. Suppose 0 = h - 5*r - 54, -h - 3*r - p = -17. What is the tens digit of h?
2
Let k(n) = 3*n**2 + 31*n - 45. Let x(f) = -4*f**2 - 32*f + 46. Let v(y) = 5*k(y) + 4*x(y). What is the units digit of v(21)?
5
Suppose 2*g - 46 = -w, 0 = 4*w - 9*w. Suppose -5*m + 12 = -g. Suppose 0 = 12*u - m*u - 125. What is the units digit of u?
5
Suppose 0 = -3*f - 72 - 42. Let y = 108 + f. What is the units digit of y?
0
Suppose 5*a - 148 = a - 3*j, -22 = -a + 3*j. Let o = a + 24. What is the tens digit of o?
5
Let a = -161 - -277. What is the tens digit of a?
1
Suppose -5*f + 200 = -130. What is the units digit of f/10 - (-9)/(-15)?
6
Let t = 271 - -159. What is the units digit of t?
0
Suppose -3*c = 3*m, -3*m + 3*c - c = 0. Let a = 10 - m. Suppose 0 = 4*u - 58 + a. What is the units digit of u?
2
Let g(a) = -3*a - 8. Let u be g(0). What is the units digit of (u/4 - 1) + 70?
7
Let v(g) = 19*g**2 + 25*g + 3. Let z(o) = -9*o**2 - 12*o - 1. Let p(w) = -4*v(w) - 9*z(w). What is the units digit of p(-5)?
2
Let b(r) = -11*r**2 - 11*r**2 + 14*r**2 - 27*r + 20 + r**3 + 0*r**3. What is the units digit of b(11)?
6
Let k be (-231)/(-44) - 2/8. Suppose -g = -k + 13. What is the units digit of g/(-10)*(-10)/(-4)?
2
Let b be 3 - (-1 + 3 - 3). Suppose 2*w + 9 = 4*w - 5*r, b*r = 4*w - 12. Suppose -w*j - 47 = -127. What is the tens digit of j?
4
Suppose q + 2 = 6. Suppose 4*v - 9 = -0*v - 5*t, 5*v + q*t = 0. Let z(g) = g**2 + 5*g + 9. What is the units digit of z(v)?
5
Let f be 13/(((-8)/(-6))/4). Let w = f - 23. What is the units digit of 6*2/(w/84)?
3
Let u(l) = 456*l**2 + 166*l + 5. What is the hundreds digit of u(-3)?
6
Let m = 778 - 344. What is the tens digit of m?
3
Let w(q) = -q + 8. Let c be w(4). Suppose 2*g = c*g. What is the tens digit of g - (-4 + 3 + -37)?
3
Let w(a) = a**2 - 5*a - 2. Let z be -3 - 8/4*-4. Suppose -t - 14 = z*k, 0*k - 3*k = -2*t + 11. What is the units digit of w(k)?
2
Let r(n) = -3*n + 57. Let o be r(18). Let v(c) = 30*c - 9. What is the tens digit of v(o)?
8
Suppose 0*f - 5*f + 15 = 0. Suppose f*c - 8*c = -65. What is the units digit of c?
3
Let c(z) = -277*z + 215. What is the units digit of c(-5)?
0
What is the hundreds digit of -9*(1/(-9))/((-5)/(-2865))?
5
Suppose -o + 3*o = 308. Suppose p - o = -4*k, 676 = 4*p - 0*k + k. Suppose -5*w = -2*d + 69, 4*d - 7 = -3*w + p. What is the units digit of d?
2
Let q = 30 - 30. Suppose g - 129 = 5*m, q*m = m - 2. What is the hundreds digit of g?
1
Let b(j) = 2*j + 31. Suppose 0 = -a + 4*a + 39. What is the units digit of b(a)?
5
Suppose -103 + 965 = 5*j + 2*i, i = 3*j - 515. What is the hundreds digit of j?
1
Suppose -1146 = -3*h + 735. Suppose -5*j + h - 227 = 0. What is the units digit of (j/(-30))/((-4)/30)?
0
Let k(m) = -330*m + 1500. What is the hundreds digit of k(-14)?
1
Let g = -510 - -40. What is the tens digit of ((-81)/(-6))/(-9)*g/3?
3
Let b = -99 + 101. What is the units digit of (2*19/b)/((-4)/(-12))?
7
Suppose -4*l - 2*g = -1642, -l + 406 = -0*l + 5*g. Suppose 0 = -3*t - 102 + l. What is the units digit of t?
3
Let w = -130 - -78. Let g = -20 - w. What is the units digit of g?
2
Let v = 107 + -9. Let y = -39 + v. What is the units digit of y?
9
Let t(b) = -3 + b**2 + 0 - 3 + 3. Let f be t(9). Let k = -13 + f. What is the tens digit of k?
6
Let w = -5 + 10. Let v be 12/w - (-30)/50. Suppose v*k = 4*k - 35. What is the units digit of k?
5
Let r(u) = -2*u**2 + 25*u + 251. What is the hundreds digit of r(0)?
2
Let a(l) = 4*l**2 + 6*l + 286. What is the tens digit of a(17)?
4
Let s(x) = -x**2 + x + 2. Let q be s(-2). Let b = 9 + q. Suppose 0 = -y - 3*p - 8, -2*p - p - 50 = -b*y. What is the units digit of y?
7
Suppose -3*y = -y + 36. Let s be (44/6)/((-12)/y). Suppose 0 = -2*f + s + 17. What is the tens digit of f?
1
Let b(k) = k**3 - 3*k**2 + 5*k - 4. Let d be b(3). Suppose -6*g + d*g = 30. Suppose g*c = c + 60. What is the units digit of c?
2
Suppose 0 = 11*i - 715 - 66. Suppose -i*g = -70*g - 119. What is the units digit of g?
9
Let w(j) = 2*j**2 + 7*j + 6. Let k be w(-5). Let n = 262 + -248. Suppose -n = -3*s + u, -2*s - 9 = 2*u - k. What is the units digit of s?
5
Suppose -m + 65 = t + 1, 12 = 4*t. What is the units digit of m?
1
Let v(x) = 1. Let t(i) = i**2 + 6*i - 11. Let y(m) = t(m) + 2*v(m). What is the tens digit of y(7)?
8
Let v = -128 - -69. What is the tens digit of -1 + -3 - (v + -28)?
8
Let j be (3/9)/(6/(-18)). What is the tens digit of -9*j*(-50)/(-2)?
2
Let h = 5 - -2. Let w(j) = -2*j**3 - j**2 - 4*j**2 + 5 + 7*j**3 - h*j**3 + 4*j. What is the tens digit of w(-4)?
3
Let a(z) = -4*z - 16. Let c be a(-4). Suppose c = -5*y + 3*u + 851, -5*y - 5*u = -560 - 315. What is the units digit of y?
2
Let w(y) = 7*y - 4. Let k be w(2). Suppose u = -4*u + k. Suppose -21 = -4*n - t, 0 = u*n - 6*n + 4*t + 16. What is the units digit of n?
5
Let o(a) = -63*a**3 + 9*a**2 + 6*a + 20. What is the hundreds digit of o(-4)?
1
Suppose 35*o + 5258 = 37*o + a, o - 3*a - 2643 = 0. What is the tens digit of o?
3
Suppose -3*h = 5*n - 3191, 5*h + 4*n = n + 5329. What is the thousands digit of h?
1
Let b be (6/12)/(2/148). Suppose 57 = 3*p + 3*w, 5*p - b = 4*w + 13. Suppose -58 = -2*k - 3*k - l, k - p = -l. What is the tens digit of k?
1
Suppose 2 + 10 = 3*m, 0 = 5*o + 5*m - 30. Suppose 2*v = o*c + 324, -3*v + 177 = c - 321. What is the tens digit of v?
6
Suppose 0 = 14*p - 18*p + 56. Suppose 2*l = -5*h + 47, 2*l - 12 = -h + 39. Suppose 0 = -5*r + l + p. What is the units digit of r?
8
Let h = -15 - -7. Let q = 13 + h. Suppose 24 + 16 = q*l. What is the units digit of l?
8
Let o(j) = -22*j**2 - j + 1. Let i be o(1). Let q = -3 - i. What is the units digit of q/(-1 + 3 + -1)?
9
Suppose 20 = 5*l - 5*g, g + 16 = 5*l - 3*g. Suppose i + 5*d - d - 20 = 0, 2*i - d - 49 = l. What is the units digit of i?
4
Let q(p) = -47*p - 10. Suppose -3*c - 9 = 0, 2*s + 4*c + 3 = 5*s. What is the units digit of q(s)?
1
Let f = -375 - -401. Let h be (-1 - 7)/(1/1). Let s = f + h. What is the units digit of s?
8
Suppose 3*c - 660 = -7*c. Suppose c*b + 720 = 69*b. What is the units digit of b?
0
Let w(q) = -q**2 - 5*q + 8. Let j(y) = y**2 - y. Let i(a) = 4*j(a) + w(a). What is the tens digit of i(5)?
3
Let v(n) = -28*n**2. Suppose -2*i + z + 1 = 0, 2*i + 17 = -0*z - 5*z. Let w be v(i). Let a = w - -51. What is the units digit of a?
3
Suppose p - 20 = 6*p - 5*a, -2*a + 5 = p. What is the units digit of 30 + -10 - 3*p?
3
Suppose 2*g + b = -2*b + 22, 28 = 4*g + 2*b. Suppose -g*m + 52 = -d, -6*d - 6 = -3*d. What is the tens digit of (11 - -1)*m/6?
2
Let l(f) = f**3 + 3*f**2 - 3*f + 98. What is the hundreds digit of l(16)?
9
Let d = -1150 - -1233. What is the tens digit of d?
8
Let g = 14 - 12. Suppose -g*u = 2*b + 2*u - 6, 21 = b - 4*u. What is the units digit of (-5)/(-10) + b/2?
5
Suppose 4*k = 5*p + 11019, -6*p = k - 5*p - 2766. What is the tens digit of k?
6
Suppose -5 = -3*u - 2*j, 3*j + 0 + 6 = 0. Suppose -7 = 3*k + u*s + 5, 2*k = 2*s. What is the tens digit of (1 - -1) + (k - -16)?
1
Let n(k) be the third derivative of -k**4/8 - 14*k**3/3 + 5*k**2. Let m be n(-12). What is the units digit of (-440)/(-6) + m/12?
4
Let m be (-22)/(-6) + (-4)/6. Suppose 3*u - 15 = 0, -3*u + 30 = m*b - 189. What is the tens digit of b?
6
Suppose -6*y - 7*y = -403. What is the units digit of y?
1
Suppose 18 - 3 = 3*s. Suppose s*p = 4*p - 2. Let x = p + 26. What